
1
Let g(x) = 8*x - 11. What is the units digit of g(3)?
3
What is the tens digit of 3 - -24*(2 - 1)?
2
Let c(w) = -w**3 - 4*w**2 + 4*w + 2. Let y be (2 + (-14)/4)*-2. Suppose -5*i + y*u = 13, -6*u + 2*u = -4*i - 4. What is the units digit of c(i)?
7
Let r(d) be the second derivative of -d**3/3 + 2*d**2 + 2*d. What is the units digit of r(-8)?
0
What is the units digit of (-2)/1*4/8 + 12?
1
Let t(x) = x**2 + 2*x + 2. Let s be t(-2). Suppose 3*f - s*f - 4 = 0. What is the units digit of f?
4
Suppose 0*x - 3*x = 0. Suppose -56 = -x*n - 4*n. What is the units digit of n?
4
Let j = 28 - 23. What is the units digit of j?
5
Let q(c) = -c**3 - 6*c**2 - 7*c - 7. Let s be q(-5). Suppose 2*j = -5 + 1. Let t = s + j. What is the units digit of t?
1
Suppose -6*v + v + 7 = m, 2*v + 4 = 3*m. Suppose -4*c + 4*n = -30 + 6, -m*n = 10. What is the units digit of c?
1
Suppose g = -5, -2*c + g - 18 + 115 = 0. Let z = c + -24. What is the tens digit of z?
2
Suppose 5*v - 4 = -34. Let n = 0 - v. What is the units digit of n?
6
Let h(m) be the second derivative of m**7/2520 - 7*m**6/720 + m**5/30 - m**4/6 - m. Let i(p) be the third derivative of h(p). What is the units digit of i(7)?
4
Let s(q) = 4*q - 4. What is the units digit of s(3)?
8
Suppose -11*v + 7*v + 24 = 0. Let d(z) = 5*z. What is the tens digit of d(v)?
3
Let o = 4 - 3. What is the units digit of o?
1
Let m(k) = k**2 - 1. Let t be m(0). What is the tens digit of 14/3*(t - -4)?
1
Let d(y) = -2*y - 5 + 5 - 6. Let a be d(-6). Suppose -c - 40 = -a*c. What is the units digit of c?
8
Suppose 2 = -c + 2*r, -4*r = -3*c - 0*r + 4. Let g = 3 + -5. What is the units digit of g/(-8) - (-46)/c?
6
Suppose -5*t - 10 = -5. Let b = 0 - t. What is the units digit of b?
1
Let q = -2 + -1. Let p be (q - 0)*8/(-6). Suppose 3*g + 1 = r - 2*g, 0 = p*r + g - 25. What is the units digit of r?
6
Suppose -5*i + 3 = 4*w, 1 = 2*w + 3*i - 0*i. Let m(c) = 7 - w*c**3 - 4*c**3 + 8*c - 7*c**2 + 5*c**3. What is the units digit of m(-8)?
7
What is the tens digit of 6/9 - ((-278)/6 - 2)?
4
Suppose -n - 22 = -2*c, c + 3*c - 32 = 5*n. Let j = c - 7. Let v(i) = i - 2. What is the units digit of v(j)?
4
What is the units digit of (-8)/32 - 578/(-8)?
2
Suppose -4*u + 28 = -56. Let c = 34 - u. What is the units digit of c?
3
Let u(w) = 3*w**3 + 3*w**2 - 2*w - 2. Let m(q) = -10*q**3 - 8*q**2 + 6*q + 6. Let p(h) = 2*m(h) + 7*u(h). What is the units digit of p(-5)?
8
Let z(j) = -5*j + 136. What is the hundreds digit of z(0)?
1
Suppose -2*q = 2*q + 3*a - 13, -2*a - 10 = -2*q. Suppose 4 = -q*b, -6*b = -m - 2*b + 5. What is the units digit of m?
1
Suppose 50 = -4*v - b + 208, 2*b = -2*v + 82. What is the tens digit of v?
3
Let k(d) be the second derivative of 0 + 1/2*d**3 + 4*d - 2*d**2. What is the tens digit of k(6)?
1
Let u be (52/5)/(4/30). Suppose -4*v + 34 = -u. Suppose -4*f = -4 - v. What is the units digit of f?
8
Let n(i) = 3*i + 4. Let m(a) = 8*a + 11. Let z(t) = 2*m(t) - 7*n(t). Let c be z(-8). Suppose 5*g + 2*o = g + c, 0 = -o + 5. What is the units digit of g?
6
Suppose 0 = 2*p - 25 - 5. What is the units digit of p?
5
Let p = -19 + 20. Let h(o) = 34*o + 1. What is the units digit of h(p)?
5
Suppose 0*u + 9 = 3*u. Suppose -16 = -3*r + 2*z + 3*z, 0 = -r + 2*z + 6. Let w = r + u. What is the units digit of w?
5
Suppose t + 5 = 2. Let b(h) = -h**3 - 3. What is the tens digit of b(t)?
2
Let y = 77 - -4. What is the units digit of y?
1
Let s be (0 - 14/4)*2. Let o be (2/(-4))/(s/14). Suppose 0 = -p - o, -3*c - 4*p = -0*c - 5. What is the units digit of c?
3
Let v(n) = -4*n - 10. Let i(w) = 5*w + 10. Let g(j) = 5*i(j) + 6*v(j). Let p be g(8). What is the units digit of (-2)/(p - (-7)/4)?
8
What is the units digit of ((-48)/8)/(1/(-8)*2)?
4
Let q(c) = c**2 + 4*c. Let x be q(-5). Suppose x*k - 16 = 4. What is the units digit of k?
4
Let n = -216 + 395. What is the units digit of n?
9
Suppose 5*q - 14 = 6. Suppose q*i + 0 - 44 = 0. Suppose 7 + i = 3*s. What is the units digit of s?
6
Let y(b) = b**2 - 9*b + 4. Let r be y(9). Suppose 3*h - 4*v - 31 = 0, 0 = 6*h - 2*h - 5*v - 40. Suppose h - 25 = -r*f. What is the units digit of f?
5
Suppose 3*b = -4*z + 1224 - 251, 3 = 3*z. What is the tens digit of b?
2
Let n = 15 - 25. Let w = n + 12. What is the units digit of w?
2
Let c(w) be the third derivative of w**6/120 + w**5/15 - 5*w**4/24 + w**3/3 - 2*w**2. Let d be c(-5). Suppose -d*u + 14 + 14 = 0. What is the tens digit of u?
1
Suppose -12 = -v - 2*v. Let u = 1 + v. What is the units digit of u?
5
What is the tens digit of (0 - -3) + 84/3?
3
Let d = -7 - -7. Suppose d*x + 4 = 4*x. What is the units digit of x?
1
Let w be ((-40)/(-30))/((-4)/(-6)). Let n = 4 + -2. Suppose 5*a = -n*s + 12, 0*a + 4*s = w*a. What is the units digit of a?
2
Suppose w = -5*u + 43, -3 = 2*w + 1. Suppose 4*z + 2 = 3*c, -5*z + 6 = 5*c - u. What is the units digit of c?
2
Let j = -7 + 3. Let l(v) = -v**2 - 9*v - 2. Let g be l(j). What is the units digit of ((-10)/3)/((-6)/g)?
0
Let c(j) = j**2 - 9*j - 8. Let t be c(10). Suppose -3*s + s - 6 = 0, -t*s = -2*m + 10. What is the units digit of m + (-1 - -5) + -2?
4
What is the units digit of 10/4 + 1*7/14?
3
Let l(g) = 3*g**2 + 5*g + 5. What is the units digit of l(-4)?
3
Let q = 8 - 5. Suppose u - 19 = r, -3*u = 3*r - 36 - q. What is the units digit of u?
6
Let t be ((-2)/(-6))/(1/6). Suppose t*h = 7*h - 55. Let w = h + -3. What is the units digit of w?
8
Let k(p) = -10*p. Let s(h) = h**3 - 4*h**2 - 1. Let b be s(4). What is the units digit of k(b)?
0
Suppose 2*l - 6 = -3*r, 2*r + 6 = 5*l - 9. Suppose u + 13 = 5*v, l*v + 0*u + 6 = -4*u. Suppose p - 6 - v = 0. What is the units digit of p?
8
Suppose -9 = -3*m, q = -3*q - 2*m + 34. What is the units digit of (-2 + 3)/(-1) + q?
6
Let t(p) = p**3 - 5*p**2 - 7*p - 1. Let x be t(7). Let l = -34 + x. What is the units digit of l?
4
Suppose -x + 4*y - 11 = -2*x, 31 = 4*x + 3*y. Suppose 35 = -2*l + x*l. What is the units digit of l?
7
Suppose -16 = -v - 5. Let l(h) = 2*h - 7. Let t be l(v). What is the units digit of (-12)/t*15/(-6)?
2
Let x = -10 - -16. Let u be (-5)/(-2) + 3/x. Suppose u = 3*h - 0. What is the units digit of h?
1
Suppose 3*t - 70 = -5*i, 0 = -4*t - i + 95 + 4. What is the units digit of t?
5
Let s(h) = -16*h + 2. Let k be s(2). Let y = k - -43. What is the tens digit of y?
1
Let p = -8 - -14. Let o = -4 + p. Suppose -16 = -o*x - 2. What is the units digit of x?
7
Let r(b) = -b**3 + 15*b**2 - 4*b - 24. What is the tens digit of r(14)?
1
Let p(s) = s**3 + s**2 - s - 1. Let m be p(0). Let q be (1 + m)/(-2)*-1. Suppose q = l + 2*l - 6. What is the units digit of l?
2
Suppose -3*f + 2*h = -f + 14, h = -5*f - 17. What is the units digit of (-908)/(-36) - f/(-18)?
5
Suppose -2*q - 32 = -3*q. What is the tens digit of q?
3
Suppose 0*b - 2*b = -18. Suppose -5*v + 0*v - 15 = 0. Let w = b + v. What is the units digit of w?
6
Let i(o) be the first derivative of 3*o**4/4 - o**3/3 - o**2 + 3*o - 1. Let m be i(2). Let b = m - 5. What is the units digit of b?
4
Suppose -n = 2*r + 1, -3*r - 2*n - 4 = -2. Let t(w) = w + 3. Let q be t(r). What is the units digit of (1/2)/(q/6)?
1
Let l(g) = g**2 - 3*g + 1. Suppose 0 = 5*i + u - 18, -2*i - i - u + 10 = 0. Let z be l(i). Let j = 15 - z. What is the tens digit of j?
1
Let u be (-30)/(-1)*6/5. Suppose -2*y = y - u. What is the tens digit of y?
1
Let j(s) be the first derivative of s**4/4 - 5*s**3/3 + s**2 - 11*s - 2. What is the tens digit of j(6)?
3
Suppose d - 44 = -d. What is the units digit of d?
2
Let o = 6 - 3. Let s(y) = -y**2 - y + 3. Let f be s(o). Let x = -2 - f. What is the units digit of x?
7
Let q be 2/(-3) - (-11)/3. Suppose 104 = 4*r + y + 2*y, 0 = -q*y. Suppose 0 = -4*x - 3*n + r, 5*x + n + 3*n - 32 = 0. What is the units digit of x?
8
Let f = 89 - 64. What is the tens digit of (30/(-25))/((-2)/f)?
1
Let b(g) = -2*g - 12. What is the tens digit of b(-11)?
1
Let p(n) = -2*n - 9. Let f be p(-7). Let d = f + -8. Let c = 9 + d. What is the units digit of c?
6
Suppose 0 = -2*d + 3*n - 21, 3*n - 4*n = -d - 8. Let z = 6 + d. What is the units digit of z?
3
Suppose 2*m = -3*x + 15 + 4, 0 = 5*m + 5*x - 40. What is the units digit of m?
5
Let d be (1/3)/(5/(-105)). Let z be (-22)/(-4)*-2 - -1. Let r = d - z. What is the units digit